275825?
False
Is 7117640 a multiple of 361?
False
Does 41 divide 176013?
True
Is 7431310 a multiple of 54?
False
Is 9 a factor of 6355701?
True
Is 37 a factor of 64578?
False
Does 292 divide 139868?
True
Is 363242 a multiple of 869?
True
Does 54 divide 15414?
False
Is 622088 a multiple of 459?
False
Is 76 a factor of 127030?
False
Is 19 a factor of 481399?
False
Does 58 divide 3343715?
False
Does 7 divide 1410778?
False
Is 182 a factor of 29303820?
True
Is 46 a factor of 714603?
False
Does 16 divide 11373?
False
Is 816180 a multiple of 30?
True
Is 7055220 a multiple of 177?
True
Is 28 a factor of 4123812?
True
Is 364717 a multiple of 348?
False
Is 538 a factor of 329926?
False
Is 1331120 a multiple of 14?
True
Is 12 a factor of 2591?
False
Is 4461367 a multiple of 79?
True
Is 53 a factor of 358934?
False
Does 1238 divide 20146857?
False
Is 267 a factor of 472056?
True
Is 853430 a multiple of 10?
True
Is 239 a factor of 3626175?
False
Is 13 a factor of 1480365?
False
Does 5 divide 113645?
True
Does 27 divide 194505?
False
Does 38 divide 116051?
False
Is 2545626 a multiple of 3?
True
Is 16 a factor of 293024?
True
Does 501 divide 6059595?
True
Is 151 a factor of 30049?
True
Is 12 a factor of 2989611?
False
Is 26 a factor of 57947?
False
Does 114 divide 193116?
True
Is 5 a factor of 131545?
True
Is 1049240 a multiple of 34?
True
Is 1190060 a multiple of 20?
True
Is 18 a factor of 393598?
False
Does 124 divide 92914?
False
Is 9 a factor of 233299?
False
Is 3378740 a multiple of 1084?
False
Does 16 divide 37104?
True
Is 179 a factor of 23801103?
False
Is 180164 a multiple of 146?
True
Is 11 a factor of 1638551?
False
Is 357798 a multiple of 6?
True
Does 87 divide 320769?
True
Does 24 divide 6380448?
True
Does 155 divide 10303110?
False
Is 1136638 a multiple of 132?
False
Does 13 divide 12379588?
True
Is 356 a factor of 8250504?
False
Is 84 a factor of 144881?
False
Is 7194680 a multiple of 1116?
False
Does 12 divide 57648?
True
Is 110 a factor of 945670?
True
Is 428090 a multiple of 370?
True
Is 1000 a factor of 1067000?
True
Does 61 divide 214730?
False
Is 23 a factor of 100901?
True
Is 14 a factor of 188860?
True
Does 13 divide 6749392?
True
Is 11941074 a multiple of 1506?
True
Does 14 divide 3814132?
True
Does 101 divide 12270124?
False
Is 9 a factor of 93033?
True
Does 26 divide 132808?
True
Is 7486173 a multiple of 9?
True
Is 72 a factor of 859320?
True
Is 20696540 a multiple of 145?
False
Is 220816 a multiple of 74?
True
Is 17 a factor of 105475?
False
Does 358 divide 100598?
True
Is 480006 a multiple of 2?
True
Is 6559269 a multiple of 219?
True
Does 855 divide 6764760?
True
Does 35 divide 1330665?
True
Does 24 divide 1703711?
False
Is 2490295 a multiple of 45?
False
Does 102 divide 42626?
False
Is 39 a factor of 144573?
True
Is 6 a factor of 13323811?
False
Does 10 divide 31250?
True
Is 288 a factor of 1499589?
False
Does 41 divide 160291?
False
Does 6 divide 5383?
False
Does 324 divide 102238?
False
Is 1577 a factor of 1012473?
False
Is 119 a factor of 30140?
False
Is 12 a factor of 1053058?
False
Does 10 divide 172160?
True
Is 859047 a multiple of 245?
False
Is 13 a factor of 169182?
True
Does 155 divide 194622?
False
Does 4 divide 484656?
True
Is 7241312 a multiple of 169?
True
Does 164 divide 182040?
True
Is 7 a factor of 162207?
False
Is 249618 a multiple of 52?
False
Does 691 divide 6209326?
True
Is 251 a factor of 360452?
False
Does 191 divide 149171?
True
Is 211 a factor of 25953?
True
Does 6 divide 36033?
False
Does 13 divide 11466?
True
Is 263 a factor of 4635127?
False
Is 7425 a multiple of 8?
False
Is 585371 a multiple of 24?
False
Does 102 divide 751842?
True
Does 12 divide 358550?
False
Is 7 a factor of 15463?
True
Is 296 a factor of 9055398?
False
Is 8 a factor of 109726?
False
Is 560430 a multiple of 10?
True
Is 4 a factor of 105442?
False
Does 1115 divide 17292535?
True
Does 2 divide 40310?
True
Does 225 divide 23575929?
False
Is 945372 a multiple of 9?
False
Is 1261844 a multiple of 11?
False
Is 8336 a multiple of 64?
False
Is 392 a factor of 452737?
False
Is 170 a factor of 20475?
False
Does 411 divide 1049479?
False
Does 39 divide 18031?
False
Is 814144 a multiple of 32?
True
Is 1040320 a multiple of 32?
True
Is 7218531 a multiple of 171?
False
Does 64 divide 482967?
False
Is 39 a factor of 316611?
False
Is 178684 a multiple of 124?
True
Is 16 a factor of 7312640?
True
Does 9 divide 858842?
False
Does 4 divide 20771?
False
Is 13 a factor of 50860?
False
Is 3 a factor of 3419520?
True
Is 2983089 a multiple of 176?
False
Does 2 divide 53409?
False
Is 105 a factor of 174195?
True
Is 1293 a factor of 13567675?
False
Does 23 divide 15889369?
False
Is 8 a factor of 129080?
True
Is 28500 a multiple of 50?
True
Is 424 a factor of 1771896?
True
Is 23 a factor of 5635?
True
Is 377 a factor of 2341924?
True
Is 267840 a multiple of 93?
True
Is 5468079 a multiple of 549?
False
Does 69 divide 2213?
False
Does 21 divide 90112?
False
Is 273585 a multiple of 115?
True
Does 10 divide 1519758?
False
Is 18 a factor of 292385?
False
Is 183 a factor of 184281?
True
Is 1079427 a multiple of 8?
False
Does 373 divide 1175999?
False
Is 26 a factor of 2368470?
True
Is 42 a factor of 9657799?
False
Does 41 divide 3438520?
False
Does 6 divide 457290?
True
Does 463 divide 1609851?
True
Is 213 a factor of 2838438?
True
Is 3333830 a multiple of 32?
False
Is 142120 a multiple of 152?
True
Is 53 a factor of 541582?
False
Is 2 a factor of 60983?
False
Is 3 a factor of 865?
False
Is 1781879 a multiple of 1043?
False
Is 121 a factor of 33965?
False
Does 10 divide 437451?
False
Is 1130 a factor of 2144185?
False
Is 204 a factor of 29756150?
False
Is 662220 a multiple of 30?
True
Does 376 divide 133909?
False
Is 47 a factor of 2673400?
False
Is 446544 a multiple of 63?
True
Is 5 a factor of 236?
False
Is 199 a factor of 223676?
True
Is 3472 even?
True
Is 2077405 a multiple of 535?
True
Is 83 a factor of 108972?
False
Is 15827 a multiple of 49?
True
Is 1620160 a multiple of 320?
True
Does 7 divide 107665?
False
Is 52 a factor of 43070?
False
Does 338 divide 7528446?
False
Does 12 divide 3365193?
False
Is 253 a factor of 136865?
False
Does 6 divide 129576?
True
Is 259 a factor of 630924?
True
Does 90 divide 648720?
True
Is 61 a factor of 1480470?
True
Does 11 divide 45999?
False
Is 38 a factor of 108982?
False
Does 56 divide 2102631?
False
Does 299 divide 186277?
True
Does 209 divide 15634663?
True
Is 570 a factor of 7888230?
True
Is 3488158 a multiple of 33?
False
Is 21573 a multiple of 40?
False
Is 56 a factor of 44675?
False
Does 6 divide 4300680?
True
Is 3808779 a multiple of 213?
False
Does 6 divide 3492?
True
Does 606 divide 336936?
True
Is 3 a factor of 260120?
False
Does 10 divide 353991?
False
Does 12 divide 828?
True
Does 10 divide 235683?
False
Is 205 a factor of 1554310?
True
Does 1916 divide 22162372?
True
Does 9 divide 1611306?
True
Is 8 a factor of 78236?
False
Is 10857933 a multiple of 461?
True
Is 238 a factor of 11682944?
True
Does 56 divide 59192?
True
Is 66967 a multiple of 8?
False
Is 601901 a multiple of 12?
False
Does 253 divide 5855351?
False
Is 2397085 a multiple of 17?
True
Is 83 a factor of 4118709?
True
Does 65 divide 419088?
False
Is 17017 a multiple of 17?
True
Does 219 divide 95703?
True
Is 254405 a multiple of 5?
True
Is 361251 a multiple of 96?
False
Is 458 a factor of 2945756?
False
Is 24 a factor of 299830?
False
Does 17 divide 213574?
False
Is 629040 a multiple of 3?
True
Is 492627 a multiple of 43?
False
Is 12785 a multiple of 231?
False
Is 348850 a multiple of 261?
False
Is 67284 a multiple of 46?
False
Is 20 a factor of 499954?
False
Is 1366521 a multiple of 403?
False
Does 31 divide 2321453?
False
Is 8198990 a multiple of 311?
False
Is 80400 a multiple of 134?
True
Does 2 divide 84453?
False
Is 4165 a multiple of 3?
False
Is 51 a factor of 81906?
True
Does 188 divide 846564?
True
Is 86238 a multiple of 9?
True
Is 916 a factor of 1631396?
True
Is 232323 a multiple of 23?
True
Does 17 divide 94622?
True
Is 9436369 a multiple of 1147?
True
Is 14 a factor of 490688?
False
Is 4529455 a multiple of 1019?
True
Is 164 a factor of 3444?
True
Is 622 a factor of 5101447?
False
Is 1008 a multiple of 28?
True
Does 4 divide 1495?
